{"id":2,"date":"2011-03-09T10:50:10","date_gmt":"2011-03-09T10:50:10","guid":{"rendered":"http:\/\/www.larazcaman.com\/wordpress\/?page_id=2"},"modified":"2016-02-07T18:15:41","modified_gmt":"2016-02-07T18:15:41","slug":"page-d-exemple","status":"publish","type":"page","link":"https:\/\/www.larazcaman.com\/fr\/?page_id=2","title":{"rendered":"La Raz Caman"},"content":{"rendered":"<p>&nbsp;<br \/>\n<img loading=\"lazy\" decoding=\"async\" class=\"ngg-singlepic ngg-right alignright\" style=\"border: 0pt none;\" src=\"https:\/\/www.larazcaman.com\/fr\/wp-content\/gallery\/site\/pagelarazcaman1.jpg\" alt=\"pagelarazcaman1\" width=\"250\" height=\"250\" \/><br \/>\n<strong>Propri\u00e9t\u00e9 familiale depuis 1857<\/strong><\/p>\n<p>Le Ch\u00e2teau La Raz Caman b\u00e9n\u00e9ficie d&rsquo;un savoir faire vieux de 7 g\u00e9n\u00e9rations de vignerons. Le Domaine viticole se situe \u00e0 Anglade, \u00e0 la hauteur de Pauillac sur la rive droite de la Gironde, \u00e0 \u00e9gale distance de Blaye et de Saint Ciers Sur Gironde. Lors d&rsquo;un passage dans le Bordelais ou le Blayais, quittez les sentiers battus, et venez d\u00e9guster nos vins: Merlot, Malbec, Cabernet Sauvignon et Cabernet Francs directement \u00e0 la barrique. La Raz Caman ils en parlent pour certains depuis plus de 25 ANS!<br \/>\n&nbsp;<\/p>\n<p><strong>Nous localiser<\/strong><\/p>\n<p><iframe loading=\"lazy\" src=\"http:\/\/maps.google.fr\/maps\/ms?hl=fr&amp;ie=UTF8&amp;msa=0&amp;msid=202292654566216862391.00048044c47632e6cb175&amp;ll=45.211069,-0.644073&amp;spn=0.386992,0.95993&amp;z=10&amp;output=embed\" width=\"700\" height=\"400\" frameborder=\"0\" marginwidth=\"0\" marginheight=\"0\" scrolling=\"no\"><\/iframe><br \/>\n&nbsp;<\/p>\n<p><strong>Adresse<\/strong><\/p>\n<p>Lieu dit \u00ab\u00a0Caman\u00a0\u00bb<br \/>\n33390 Anglade<br \/>\n&nbsp;<\/p>\n<p><strong>Coordonn\u00e9es GPS<\/strong><\/p>\n<p>Latitude : 45.210969 N<br \/>\nLongitude : -0.645305 O<\/p>\n","protected":false},"excerpt":{"rendered":"<p>&nbsp; Propri\u00e9t\u00e9 familiale depuis 1857 Le Ch\u00e2teau La Raz Caman b\u00e9n\u00e9ficie d&rsquo;un savoir faire vieux de 7 g\u00e9n\u00e9rations de vignerons. Le Domaine viticole se situe \u00e0 Anglade, \u00e0 la hauteur de Pauillac sur la rive droite de la Gironde, \u00e0 \u00e9gale distance de Blaye et de Saint Ciers Sur Gironde. Lors d&rsquo;un passage dans le [&hellip;]<\/p>\n <a class=\"more-link\" href=\"https:\/\/www.larazcaman.com\/fr\/?page_id=2\">Keep reading<\/a>","protected":false},"author":1,"featured_media":0,"parent":0,"menu_order":1,"comment_status":"closed","ping_status":"closed","template":"","meta":{"ngg_post_thumbnail":0,"footnotes":""},"aioseo_notices":[],"_links":{"self":[{"href":"https:\/\/www.larazcaman.com\/fr\/index.php?rest_route=\/wp\/v2\/pages\/2"}],"collection":[{"href":"https:\/\/www.larazcaman.com\/fr\/index.php?rest_route=\/wp\/v2\/pages"}],"about":[{"href":"https:\/\/www.larazcaman.com\/fr\/index.php?rest_route=\/wp\/v2\/types\/page"}],"author":[{"embeddable":true,"href":"https:\/\/www.larazcaman.com\/fr\/index.php?rest_route=\/wp\/v2\/users\/1"}],"replies":[{"embeddable":true,"href":"https:\/\/www.larazcaman.com\/fr\/index.php?rest_route=%2Fwp%2Fv2%2Fcomments&post=2"}],"version-history":[{"count":0,"href":"https:\/\/www.larazcaman.com\/fr\/index.php?rest_route=\/wp\/v2\/pages\/2\/revisions"}],"wp:attachment":[{"href":"https:\/\/www.larazcaman.com\/fr\/index.php?rest_route=%2Fwp%2Fv2%2Fmedia&parent=2"}],"curies":[{"name":"wp","href":"https:\/\/api.w.org\/{rel}","templated":true}]}}

<p>&nbsp;<br />
<img loading="lazy" decoding="async" class="ngg-singlepic ngg-right alignright" style="border: 0pt none;" src="https://www.larazcaman.com/fr/wp-content/gallery/site/pagelarazcaman1.jpg" alt="pagelarazcaman1" width="250" height="250" /><br />
<strong>Propriété familiale depuis 1857</strong></p>
<p>Le Château La Raz Caman bénéficie d&rsquo;un savoir faire vieux de 7 générations de vignerons. Le Domaine viticole se situe à Anglade, à la hauteur de Pauillac sur la rive droite de la Gironde, à égale distance de Blaye et de Saint Ciers Sur Gironde. Lors d&rsquo;un passage dans le Bordelais ou le Blayais, quittez les sentiers battus, et venez déguster nos vins: Merlot, Malbec, Cabernet Sauvignon et Cabernet Francs directement à la barrique. La Raz Caman ils en parlent pour certains depuis plus de 25 ANS!<br />
&nbsp;</p>
<p><strong>Nous localiser</strong></p>
<p><iframe loading="lazy" src="http://maps.google.fr/maps/ms?hl=fr&amp;ie=UTF8&amp;msa=0&amp;msid=202292654566216862391.00048044c47632e6cb175&amp;ll=45.211069,-0.644073&amp;spn=0.386992,0.95993&amp;z=10&amp;output=embed" width="700" height="400" frameborder="0" marginwidth="0" marginheight="0" scrolling="no"></iframe><br />
&nbsp;</p>
<p><strong>Adresse</strong></p>
<p>Lieu dit « Caman »<br />
33390 Anglade<br />
&nbsp;</p>
<p><strong>Coordonnées GPS</strong></p>
<p>Latitude : 45.210969 N<br />
Longitude : -0.645305 O</p>

<p>&nbsp; Propriété familiale depuis 1857 Le Château La Raz Caman bénéficie d&rsquo;un savoir faire vieux de 7 générations de vignerons. Le Domaine viticole se situe à Anglade, à la hauteur de Pauillac sur la rive droite de la Gironde, à égale distance de Blaye et de Saint Ciers Sur Gironde. Lors d&rsquo;un passage dans le [&hellip;]</p>
 <a class="more-link" href="https://www.larazcaman.com/fr/?page_id=2">Keep reading</a>
